 when 1065881 is divided by 106584?
41
Calculate the remainder when 177185 is divided by 371.
218
Calculate the remainder when 11034025 is divided by 3678003.
16
What is the remainder when 14329497 is divided by 14329481?
16
What is the remainder when 8294 is divided by 1376?
38
Calculate the remainder when 1087926 is divided by 327.
324
Calculate the remainder when 2405023 is divided by 1507.
1358
What is the remainder when 13148813 is divided by 342?
281
What is the remainder when 2813668 is divided by 114?
34
What is the remainder when 32725 is divided by 15014?
2697
What is the remainder when 14076081 is divided by 563039?
106
What is the remainder when 3164127 is divided by 27?
24
Calculate the remainder when 77256 is divided by 18990.
1296
Calculate the remainder when 778665 is divided by 1248.
1161
What is the remainder when 70809 is divided by 69867?
942
Calculate the remainder when 120591 is divided by 40028.
507
What is the remainder when 654968 is divided by 347?
179
What is the remainder when 12355516 is divided by 160?
156
What is the remainder when 913430 is divided by 76062?
686
Calculate the remainder when 740046507 is divided by 549.
546
Calculate the remainder when 3313085592 is divided by 313.
311
Calculate the remainder when 3140 is divided by 100.
40
Calculate the remainder when 3276874 is divided by 116.
106
Calculate the remainder when 595771 is divided by 148479.
1855
What is the remainder when 106347426 is divided by 499?
47
What is the remainder when 915381 is divided by 414?
27
Calculate the remainder when 58214136 is divided by 96381.
12
Calculate the remainder when 141124 is divided by 5006.
956
What is the remainder when 388587 is divided by 3293?
13
Calculate the remainder when 74207 is divided by 334.
59
Calculate the remainder when 42492 is divided by 9227.
5584
Calculate the remainder when 28699461 is divided by 13.
11
Calculate the remainder when 43880012 is divided by 2736.
44
Calculate the remainder when 3485097 is divided by 30841.
64
What is the remainder when 80729 is divided by 80711?
18
Calculate the remainder when 63001 is divided by 31321.
359
Calculate the remainder when 1339571 is divided by 148.
23
What is the remainder when 15284906 is divided by 2340?
26
What is the remainder when 48214 is divided by 1020?
274
Calculate the remainder when 337476 is divided by 127.
37
Calculate the remainder when 14301876 is divided by 157163.
43
What is the remainder when 7699639 is divided by 2161?
2157
Calculate the remainder when 64927556 is divided by 18.
8
What is the remainder when 53413180 is divided by 937073?
19
Calculate the remainder when 205720 is divided by 1607.
24
Calculate the remainder when 171895 is divided by 620.
155
What is the remainder when 933309 is divided by 466610?
89
Calculate the remainder when 787699 is divided by 787673.
26
Calculate the remainder when 1012396 is divided by 192.
172
Calculate the remainder when 486887 is divided by 4239.
3641
What is the remainder when 4255942 is divided by 1848?
1846
What is the remainder when 134749274 is divided by 10866?
8
What is the remainder when 257558 is divided by 1506?
32
What is the remainder when 4871036 is divided by 13?
1
What is the remainder when 5991327 is divided by 395?
362
Calculate the remainder when 86770349 is divided by 4795.
29
Calculate the remainder when 24453762 is divided by 220304.
18
What is the remainder when 1821927 is divided by 10531?
64
Calculate the remainder when 1024062821 is divided by 123.
122
Calculate the remainder when 351471 is divided by 16894.
13591
What is the remainder when 190471 is divided by 19?
15
Calculate the remainder when 1227803 is divided by 68201.
185
Calculate the remainder when 58339925 is divided by 136.
5
What is the remainder when 13097025 is divided by 322?
319
Calculate the remainder when 50429 is divided by 2814.
2591
Calculate the remainder when 174287 is divided by 25.
12
What is the remainder when 968654 is divided by 2920?
2134
Calculate the remainder when 1188936 is divided by 799.
24
What is the remainder when 7974177 is divided by 18082?
15
Calculate the remainder when 89416 is divided by 5914.
706
What is the remainder when 801665 is divided by 1548?
1349
What is the remainder when 105327 is divided by 104720?
607
Calculate the remainder when 8040 is divided by 158.
140
What is the remainder when 784225 is divided by 392056?
113
Calculate the remainder when 24150428 is divided by 36481.
6
What is the remainder when 4709431 is divided by 70290?
1
What is the remainder when 18144 is divided by 20?
4
What is the remainder when 11641057 is divided by 341?
340
What is the remainder when 2435944 is divided by 553?
532
Calculate the remainder when 114176 is divided by 113365.
811
What is the remainder when 46344 is divided by 5774?
152
Calculate the remainder when 142703 is divided by 20330.
393
Calculate the remainder when 519842 is divided by 173279.
5
What is the remainder when 4304371 is divided by 98?
15
What is the remainder when 302799 is divided by 248?
239
What is the remainder when 208327526 is divided by 3759?
3746
Calculate the remainder when 536837 is divided by 162.
131
Calculate the remainder when 9765946 is divided by 117662.
0
Calculate the remainder when 359780 is divided by 217.
211
What is the remainder when 11601573 is divided by 899?
877
What is the remainder when 15645581 is divided by 869197?
35
What is the remainder when 18611643 is divided by 11?
6
What is the remainder when 1429725 is divided by 6416?
5373
Calculate the remainder when 76412 is divided by 355.
87
Calculate the remainder when 46399 is divided by 5662.
1103
Calculate the remainder when 166836 is divided by 8800.
8436
What is the remainder when 698527856 is divided by 34?
32
What is the remainder when 424472 is divided by 16324?
48
What is the remainder when 72588 is divided by 1712?
684
Calculate the remainder when 13223796 is divided by 601080.
36
Calculate the remainder when 103651 is divided by 103047.
604
Calculate the remainder when 52353 is divided by 7065.
2898
Calculate the remainder when 3153099 is divided by 63.
12
What is the remainder when 18070 is divided by 174?
148
Calculate the remainder when 641165 is divided by 1688.
1413
What is the remainder when 229309 is divided by 1610?
689
What is the remainder when 696096 is divided by 81?
63
What is the remainder when 393805 is divided by 17897?
71
Calculate the remainder when 232514725 is divided by 43.
8
Calculate the remainder when 208882 is divided by 72.
10
Calculate the remainder when 1691496 is divided by 1527.
1107
What is the remainder when 139544559 is divided by 692?
683
Calculate the remainder when 65733 is divided by 5945.
338
Calculate the remainder when 39346 is divided by 39233.
113
Calculate the remainder when 56687082 is divided by 4120.
2
Calculate the remainder when 23350644 is divided by 41.
37
Calculate the remainder when 68707945 is divided by 231.
229
What is the remainder when 64622679 is divided by 508?
507
Calculate the remainder when 2106739 is divided by 236.
203
Calculate the remainder when 2001715198 is divided by 8640.
8638
What is the remainder when 28931742 is divided by 5786347?
7
What is the remainder when 135382 is divided by 5292?
3082
Calculate the remainder when 348899 is divided by 18284.
1503
What is the remainder when 2591002 is divided by 431831?
16
What is the remainder when 13365142 is divided by 477326?
14
Calculate the remainder when 871497 is divided by 535.
517
What is the remainder when 769978 is divided by 1405?
38
Calculate the remainder when 772515 is divided by 1545.
15
Calculate the remainder when 286910 is divided by 784.
750
What is the remainder when 263104 is divided by 48?
16
Calculate the remainder when 466797 is divided by 7285.
557
Calculate the remainder when 2514267 is divided by 1653.
54
Calculate the remainder when 1057743 is divided by 9871.
1546
What is the remainder when 853914 is divided by 892?
270
What is the remainder when 45593 is divided by 11306?
369
Calculate the remainder when 75557 is divided by 300.
257
What is the remainder when 30209468 is divided by 10069814?
26
What is the remainder when 101835 is divided by 101366?
469
What is the remainder